prime factors of 741777965?
5, 9337, 15889
List the prime factors of 1132931872.
2, 1321, 26801
List the prime factors of 279080071.
41, 6806831
What are the prime factors of 76591557?
3, 7, 43, 577
What are the prime factors of 1254529952?
2, 13, 3015697
What are the prime factors of 74399327?
17, 101, 43331
List the prime factors of 415005912.
2, 3, 37, 155783
List the prime factors of 68840174.
2, 13, 17, 155747
What are the prime factors of 240390630?
2, 3, 5, 61, 43787
What are the prime factors of 19966201?
31, 67, 9613
What are the prime factors of 4276679349?
3, 199, 1123, 6379
List the prime factors of 380149151.
1291, 294461
List the prime factors of 138880990.
2, 5, 17, 816947
List the prime factors of 1870251464.
2, 17, 1021, 13469
List the prime factors of 1336718900.
2, 5, 11, 41, 107, 277
What are the prime factors of 125886076?
2, 2467, 12757
What are the prime factors of 224717333?
224717333
List the prime factors of 39075603.
3, 7, 1860743
What are the prime factors of 128537021?
67, 1918463
List the prime factors of 138473571.
3, 46157857
List the prime factors of 18507523.
41, 587, 769
What are the prime factors of 2523066175?
5, 7, 14417521
What are the prime factors of 25442890?
2, 5, 11, 231299
What are the prime factors of 730782472?
2, 7, 1864241
What are the prime factors of 1274020048?
2, 7, 23, 89, 5557
What are the prime factors of 1091379684?
2, 3, 19, 4786753
List the prime factors of 58391065.
5, 29, 402697
What are the prime factors of 71169965?
5, 331, 43003
List the prime factors of 29109657.
3, 523, 18553
List the prime factors of 944720836.
2, 43, 5492563
List the prime factors of 5130470.
2, 5, 513047
List the prime factors of 3876576069.
3, 16187, 79829
List the prime factors of 70690628.
2, 67, 191, 1381
List the prime factors of 145683679.
23, 6334073
What are the prime factors of 186620732?
2, 3319, 14057
What are the prime factors of 21829501?
21829501
List the prime factors of 269149682.
2, 79, 1703479
What are the prime factors of 2243555891?
19, 118081889
List the prime factors of 1900443906.
2, 3, 17, 107, 58043
What are the prime factors of 157525282?
2, 941, 83701
What are the prime factors of 97003430?
2, 5, 101, 96043
List the prime factors of 79322771.
11, 521, 13841
List the prime factors of 263145481.
263145481
List the prime factors of 166722677.
11, 47, 389, 829
List the prime factors of 106823279.
6163, 17333
What are the prime factors of 107011574?
2, 47, 577, 1973
What are the prime factors of 3345997887?
3, 23, 3527, 4583
What are the prime factors of 1182165720?
2, 3, 5, 17, 367, 1579
What are the prime factors of 457534716?
2, 3, 709, 53777
List the prime factors of 224253571.
71, 197, 16033
What are the prime factors of 308454109?
308454109
List the prime factors of 88492947.
3, 29497649
What are the prime factors of 955228?
2, 47, 5081
List the prime factors of 1189542700.
2, 5, 17, 61, 11471
What are the prime factors of 2566569835?
5, 419, 1225093
List the prime factors of 50885976.
2, 3, 2120249
List the prime factors of 636540586.
2, 11, 2630333
List the prime factors of 146090712.
2, 3, 6087113
What are the prime factors of 509717370?
2, 3, 5, 19, 313, 2857
What are the prime factors of 665106725?
5, 17, 167, 9371
What are the prime factors of 74317261?
31, 1051, 2281
What are the prime factors of 76508575?
5, 11, 13, 21401
What are the prime factors of 7867193?
101, 77893
What are the prime factors of 186466903?
7, 599, 6353
List the prime factors of 130816627.
130816627
What are the prime factors of 464057200?
2, 5, 23, 50441
What are the prime factors of 13639514?
2, 7, 43, 139, 163
List the prime factors of 548522670.
2, 3, 5, 1009, 18121
List the prime factors of 33450095.
5, 7, 136531
List the prime factors of 20820049.
67, 310747
What are the prime factors of 534004358?
2, 43, 6209353
What are the prime factors of 8148214636?
2, 2037053659
List the prime factors of 796022623.
11, 151, 479243
List the prime factors of 68558382.
2, 3, 17, 224047
List the prime factors of 23967748.
2, 7, 23, 37217
What are the prime factors of 5201129597?
19, 5297, 51679
What are the prime factors of 1487928239?
7, 212561177
List the prime factors of 3727950792.
2, 3, 155331283
What are the prime factors of 7541505140?
2, 5, 13, 29005789
List the prime factors of 683047258.
2, 113, 1129, 2677
List the prime factors of 82820584.
2, 7, 11, 19207
What are the prime factors of 193334165?
5, 38666833
List the prime factors of 1276475480.
2, 5, 7, 19, 151, 227
What are the prime factors of 238299825?
3, 5, 3177331
What are the prime factors of 12739759?
643, 19813
List the prime factors of 1584120740.
2, 5, 79206037
What are the prime factors of 145009140?
2, 3, 5, 19, 131, 971
What are the prime factors of 22645687?
22645687
List the prime factors of 444523594.
2, 43, 5168879
List the prime factors of 251453169.
3, 11, 257, 9883
What are the prime factors of 2673809292?
2, 3, 7, 11, 37, 197, 397
What are the prime factors of 115783156?
2, 28945789
What are the prime factors of 1680427891?
4517, 372023
List the prime factors of 2464998359.
53, 46509403
List the prime factors of 77218821.
3, 8579869
What are the prime factors of 1036243726?
2, 7, 74017409
What are the prime factors of 226612?
2, 181, 313
List the prime factors of 58337175.
3, 5, 13, 59833
What are the prime factors of 12341232?
2, 3, 85703
List the prime factors of 13185629.
83, 158863
List the prime factors of 26527917.
3, 13, 680203
What are the prime factors of 3500343113?
23, 1187, 128213
List the prime factors of 1326194777.
43, 397, 77687
What are the prime factors of 226513121?
43, 5267747
What are the prime factors of 1679760475?
5, 29, 2316911
What are the prime factors of 491691901?
17, 4021, 7193
What are the prime factors of 96073735?
5, 1031, 18637
What are the prime factors of 395400712?
2, 7, 83, 97, 877
List the prime factors of 733743764.
2, 13, 14110457
What are the prime factors of 254291558?
2, 73, 1741723
What are the prime factors of 7486018195?
5, 577, 2594807
List the prime factors of 25012510.
2, 5, 2501251
List the prime factors of 128853585.
3, 5, 7, 43, 151
What are the prime factors of 80799420?
2, 3, 5, 13, 71, 1459
List the prime factors of 62861061.
3, 20953687
What are the prime factors of 1818849965?
5, 83, 331, 13241
What are the prime factors of 8537197?
8537197
What are the prime factors of 661400317?
17, 19, 1279, 1601
List the prime factors of 244172994.
2, 3, 13, 127, 157
List the prime factors of 20995677.
3, 383, 6091
List the prime factors of 41914058.
2, 20957029
List the prime factors of 50982789.
3, 11, 13, 23, 5167
List the prime factors of 1311813444.
2, 3, 109317787
What are the prime factors of 17846420?
2, 5, 892321
List the prime factors of 1173667090.
2, 5, 117366709
List the prime factors of 2990728562.
2, 1495364281
List the prime factors of 9732653.
7, 17, 283
List the prime factors of 263623801.
7, 173, 217691
List the prime factors of 912234668.
2, 228058667
List the prime factors of 151842129.
3, 19, 2663897
List the prime factors of 1897138701.
3, 67, 1291, 2437
What are the prime factors of 1715485014?
2, 3, 31768241
List the prime factors of 46542913.
19, 41, 59747
What are the prime factors of 96958887?
3, 1559, 20731
List the prime factors of 2770438141.
67, 41349823
List the prime factors of 373122400.
2, 5, 7, 66629
List the prime factors of 5078519.
5078519
List the prime factors of 20392842.
2, 3, 73, 46559
List the prime factors of 70655221.
7, 13, 277, 2803
What are the prime factors of 140928119?
1621, 86939
List the prime factors of 795437109.
3, 19, 131, 35509
What are the prime factors of 461246075?
5, 229, 80567
List the prime factors of 1081288910.
2, 5, 13, 17, 673, 727
List the prime factors of 1198174060.
2, 5, 59908703
List the prime factors of 143396135.
5, 19, 1093, 1381
What are the prime factors of 1044092327?
2293, 455339
List the prime factors of 91843027.
17, 1907, 2833
List the prime factors of 1138288180.
2, 5, 59, 101, 9551
What are the prime factors of 45837054?
2, 3, 43, 59221
List the prime factors of 91191018.
2, 3, 167, 91009
List the prime factors of 4346761663.
53, 8089, 10139
List the prime factors of 223510920.
2, 3, 5, 186259